5 a factor of 56699?
False
Does 131 divide 40872?
True
Is 41044 a multiple of 123?
False
Does 41 divide 21199992?
False
Does 7 divide 287546?
True
Is 973 a factor of 3569470?
False
Does 18 divide 2222?
False
Is 72026 a multiple of 4?
False
Does 34 divide 94351?
False
Is 725639 a multiple of 327?
False
Does 30 divide 50790?
True
Is 9 a factor of 119844?
True
Is 220330 a multiple of 55?
True
Is 20 a factor of 602318?
False
Does 19 divide 2343177?
False
Is 126 a factor of 725111?
False
Does 4 divide 154325?
False
Does 626 divide 190304?
True
Is 60 a factor of 27144?
False
Does 66 divide 1355105?
False
Does 235 divide 6459408?
False
Is 117473 even?
False
Is 948220 a multiple of 240?
False
Is 8 a factor of 8997904?
True
Is 187 a factor of 110891?
True
Is 3663 a multiple of 33?
True
Is 7 a factor of 545719?
False
Does 49 divide 6386562?
True
Is 89 a factor of 340439?
False
Does 2322 divide 2970488?
False
Does 92 divide 1005774?
False
Is 71993 a multiple of 4?
False
Is 82230 a multiple of 30?
True
Is 15 a factor of 185130?
True
Does 23 divide 141920?
False
Does 16 divide 959?
False
Does 5 divide 6141585?
True
Is 14 a factor of 203126?
True
Is 928228 a multiple of 4?
True
Does 5 divide 66985?
True
Does 251 divide 195027?
True
Is 39718 a multiple of 21?
False
Does 311 divide 1114939?
False
Does 1350 divide 9836100?
True
Does 159 divide 480757?
False
Is 66 a factor of 35046?
True
Is 177073 a multiple of 377?
False
Is 47 a factor of 40514?
True
Is 3863600 a multiple of 325?
True
Does 156 divide 691313?
False
Is 550940 a multiple of 13?
True
Is 88634 a multiple of 5?
False
Is 93 a factor of 82218?
False
Is 252 a factor of 1308937?
False
Is 12 a factor of 25104?
True
Is 827175 a multiple of 205?
True
Is 239 a factor of 88191?
True
Does 4 divide 1905180?
True
Is 1717837 a multiple of 35?
False
Is 292886 a multiple of 60?
False
Does 977 divide 3064189?
False
Is 232675 a multiple of 41?
True
Is 431 a factor of 871051?
True
Does 73 divide 3550209?
True
Is 41 a factor of 1597565?
True
Is 2518208 a multiple of 49?
True
Is 13 a factor of 355199?
True
Is 94472 a multiple of 108?
False
Does 96 divide 374178?
False
Does 59 divide 25053905?
False
Does 17 divide 1992655?
True
Does 64 divide 9058625?
False
Does 25 divide 6986600?
True
Is 671 a factor of 12434775?
False
Does 552 divide 12831412?
False
Does 1976 divide 15415678?
False
Is 1542869 a multiple of 17?
True
Does 127 divide 231394?
True
Does 329 divide 1193941?
True
Does 935 divide 4112120?
False
Is 243 a factor of 13543119?
True
Does 89 divide 2021813?
True
Does 8 divide 7397088?
True
Is 60 a factor of 345120?
True
Is 24295 a multiple of 23?
False
Is 540 a factor of 494100?
True
Is 110 a factor of 88864?
False
Is 6099940 a multiple of 22?
True
Does 36 divide 405648?
True
Does 28 divide 1519017?
False
Is 1028896 a multiple of 553?
False
Is 19041885 a multiple of 262?
False
Is 313039 a multiple of 49?
False
Is 414 a factor of 99360?
True
Is 7 a factor of 829626?
True
Does 12 divide 4658844?
True
Is 8 a factor of 15914656?
True
Is 113616 a multiple of 16?
True
Is 25 a factor of 258650?
True
Does 704 divide 145728?
True
Is 43140 a multiple of 4?
True
Is 49545 a multiple of 45?
True
Is 871637 a multiple of 25?
False
Is 830 a factor of 2922287?
False
Is 227709 a multiple of 56?
False
Does 414 divide 1102896?
True
Is 3 a factor of 146477?
False
Does 284 divide 78952?
True
Does 105 divide 2090660?
False
Does 537 divide 69273?
True
Is 61416 a multiple of 17?
False
Is 52 a factor of 3848086?
False
Is 5 a factor of 216673?
False
Does 137 divide 110285?
True
Is 16693 a multiple of 31?
False
Is 56 a factor of 5484399?
False
Is 189528 a multiple of 159?
True
Is 179384 a multiple of 93?
False
Is 331584 a multiple of 532?
False
Is 73 a factor of 340731?
False
Is 2 a factor of 6729?
False
Does 27 divide 5417597?
False
Is 62905 a multiple of 8?
False
Is 298 a factor of 2073782?
True
Is 12864 a multiple of 12?
True
Is 1337 a factor of 179413?
False
Is 332 a factor of 5466380?
True
Is 1725108 a multiple of 231?
True
Is 275 a factor of 1256344?
False
Is 627142 a multiple of 10?
False
Does 60 divide 366600?
True
Does 86 divide 518150?
True
Is 12222986 a multiple of 1968?
False
Is 41 a factor of 132659?
False
Is 2 a factor of 23843?
False
Is 58 a factor of 4181278?
True
Is 754732 a multiple of 34?
True
Does 130 divide 3257933?
False
Is 718575 a multiple of 75?
True
Is 26 a factor of 86385?
False
Does 135 divide 36260?
False
Is 5 a factor of 22813?
False
Is 1963272 a multiple of 914?
True
Is 14 a factor of 156184?
True
Does 566 divide 375258?
True
Is 200 a factor of 10545592?
False
Does 39 divide 323895?
True
Does 68 divide 186320?
True
Is 35 a factor of 423681?
False
Is 154819 a multiple of 17?
True
Is 11 a factor of 90436?
False
Is 208686 a multiple of 7?
False
Is 4 a factor of 494347?
False
Is 31 a factor of 18647833?
True
Is 162 a factor of 1529250?
False
Does 180 divide 96480?
True
Is 520960 a multiple of 148?
True
Is 128 a factor of 179712?
True
Is 75 a factor of 345860?
False
Does 272 divide 150416?
True
Does 126 divide 1444617?
False
Does 11 divide 4201956?
True
Does 16 divide 2812528?
True
Is 52 a factor of 14820?
True
Is 253 a factor of 118151?
True
Does 77 divide 3636864?
True
Does 1166 divide 7613980?
True
Is 23 a factor of 341034?
False
Is 2796076 a multiple of 660?
False
Is 869501 a multiple of 172?
False
Is 126875 a multiple of 145?
True
Is 2521647 a multiple of 143?
False
Is 271890 a multiple of 135?
True
Is 109648 a multiple of 28?
True
Does 8 divide 197686?
False
Does 635 divide 1528445?
True
Is 42 a factor of 7278288?
False
Is 323840 a multiple of 11?
True
Is 9 a factor of 1324193?
False
Is 95233 a multiple of 36?
False
Is 10 a factor of 100223?
False
Is 82 a factor of 24690443?
False
Does 14 divide 2212180?
False
Does 43 divide 902176?
False
Is 9398144 a multiple of 128?
True
Is 21 a factor of 189071?
False
Is 47 a factor of 119232?
False
Is 298944 a multiple of 27?
True
Is 132512 a multiple of 202?
True
Is 354 a factor of 1855668?
True
Is 746 a factor of 15186322?
True
Does 15 divide 1458185?
False
Is 23 a factor of 893251?
True
Is 21 a factor of 1419644?
False
Is 6862770 a multiple of 9?
True
Is 41131 a multiple of 2?
False
Is 943188 a multiple of 212?
True
Does 202 divide 331482?
True
Does 88 divide 315859?
False
Is 17 a factor of 559364?
False
Is 475 a factor of 2914125?
True
Is 45 a factor of 159883?
False
Is 1903397 a multiple of 64?
False
Does 137 divide 437826?
False
Is 188723 a multiple of 57?
False
Does 70 divide 307063?
False
Does 63 divide 82971?
True
Is 11 a factor of 48873?
True
Is 14 a factor of 3842104?
True
Is 5340265 a multiple of 245?
True
Does 309 divide 1998615?
False
Is 42 a factor of 522354?
True
Is 11163520 a multiple of 16?
True
Is 268 a factor of 703594?
False
Is 7 a factor of 1571115?
True
Is 39 a factor of 656448?
True
Does 420 divide 1538772?
False
Is 16 a factor of 283280?
True
Is 171612 a multiple of 9?
True
Is 251547 a multiple of 616?
False
Is 2554 a multiple of 4?
False
Is 145957 a multiple of 16?
False
Does 12 divide 1465368?
True
Does 119 divide 118286?
True
Is 64 a factor of 9599680?
True
Does 231 divide 337491?
True
Does 1188 divide 1857847?
False
Is 2830526 a multiple of 60?
False
Does 21 divide 317906?
False
Does 376 divide 606488?
True
Is 544112 a multiple of 294?
False
Does 63 divide 4717173?
False
Is 100 a factor of 1749786?
False
Is 118142 a multiple of 19?
True
Is 98 a factor of 5429984?
True
Is 76201 a multiple of 13?
False
Does 115 divide 30061?
False
Does 18 divide 99381?
False
Is 92252 a multiple of 81?
False
Is 1214209 a multiple of 236?
False
Does 5 divide 3010320?
True
Does 1089 divide 2544041?
False
Does 230 divide 3637680?
True
Is 1232595 a multiple of 65?
True
Is 62 a factor of 1746180?
False
Is 232550 a multiple of 62?
False
Is 3 a factor of 1516667?
False
Does 16 divide 7067968?
True
Is 1693210 a multiple of 4?
False
Is 37062 a multiple of 18?
True
Is 503925 a multiple of 75?
True
Is 552 a factor of 1573355?
False
Is 538 a factor of 38098?
False
Is 8 a factor of 797976?
True
Is 19 a factor of 3750562?
True
Does 358 divide 13668082?
True
Does 41 divide 98398?
False
Is 721618 a multiple of 376?
False
Does 87 divide 2802270?
True
Does 158 divide 3807533?
F